{"id":10802,"date":"2025-09-05T12:59:36","date_gmt":"2025-09-05T12:59:36","guid":{"rendered":"https:\/\/www.5zssumperk.cz\/?page_id=10802"},"modified":"2026-02-26T07:44:08","modified_gmt":"2026-02-26T07:44:08","slug":"rvi-souteze","status":"publish","type":"page","link":"https:\/\/www.5zssumperk.cz\/index.php\/rvi-souteze\/","title":{"rendered":"RVI sout\u011b\u017ee"},"content":{"rendered":"\t\t<div data-elementor-type=\"wp-page\" data-elementor-id=\"10802\" class=\"elementor elementor-10802\">\n\t\t\t\t\t\t<div class=\"elementor-inner\">\n\t\t\t\t<div class=\"elementor-section-wrap\">\n\t\t\t\t\t\t\t\t\t<section class=\"elementor-section elementor-top-section elementor-element elementor-element-ceeac06 elementor-section-boxed elementor-section-height-default elementor-section-height-default\" data-id=\"ceeac06\" data-element_type=\"section\">\n\t\t\t\t\t\t<div class=\"elementor-container elementor-column-gap-default\">\n\t\t\t\t\t\t\t<div class=\"elementor-row\">\n\t\t\t\t\t<div class=\"elementor-column elementor-col-100 elementor-top-column elementor-element elementor-element-91d8f0f\" data-id=\"91d8f0f\" data-element_type=\"column\">\n\t\t\t<div class=\"elementor-column-wrap elementor-element-populated\">\n\t\t\t\t\t\t\t<div class=\"elementor-widget-wrap\">\n\t\t\t\t\t\t<div class=\"elementor-element elementor-element-b2d6c8a elementor-widget elementor-widget-cws_heading\" data-id=\"b2d6c8a\" data-element_type=\"widget\" data-widget_type=\"cws_heading.default\">\n\t\t\t\t<div class=\"elementor-widget-container\">\n\t\t\t<h3 class=\"ce_title heading\"><div>2025\/2026<\/div><\/h3>\t\t<\/div>\n\t\t\t\t<\/div>\n\t\t\t\t<div class=\"elementor-element elementor-element-cd9d540 elementor-widget elementor-widget-cws_callout\" data-id=\"cd9d540\" data-element_type=\"widget\" data-widget_type=\"cws_callout.default\">\n\t\t\t\t<div class=\"elementor-widget-container\">\n\t\t\t<div class=\"ce clearfix\"><div class=\"cws_callout\"><div class=\"content_section\"><div class=\"callout_title\"><div class=\"bees bees-end\"><span><\/span><\/div>IT k\u0159\u00ed\u017eovka<\/div><div class=\"separate\"><\/div><div class=\"callout_text\"><p><a href=\"https:\/\/www.instagram.com\/p\/DU0eNhkDADI\/\"><img decoding=\"async\" loading=\"lazy\" class=\"aligncenter wp-image-11152 size-full\" src=\"https:\/\/www.5zssumperk.cz\/wp-content\/uploads\/2026\/02\/Snimek-obrazovky-2026-02-26-083119.jpg\" alt=\"\" width=\"423\" height=\"804\" srcset=\"https:\/\/www.5zssumperk.cz\/wp-content\/uploads\/2026\/02\/Snimek-obrazovky-2026-02-26-083119.jpg 423w, https:\/\/www.5zssumperk.cz\/wp-content\/uploads\/2026\/02\/Snimek-obrazovky-2026-02-26-083119-768x1459.jpg 768w, https:\/\/www.5zssumperk.cz\/wp-content\/uploads\/2026\/02\/Snimek-obrazovky-2026-02-26-083119-100x190.jpg 100w, https:\/\/www.5zssumperk.cz\/wp-content\/uploads\/2026\/02\/Snimek-obrazovky-2026-02-26-083119-230x437.jpg 230w\" sizes=\"(max-width: 423px) 100vw, 423px\" \/><\/a><\/p><p><a href=\"https:\/\/www.instagram.com\/p\/DUfoIOZDHyF\/\"><img decoding=\"async\" loading=\"lazy\" class=\"aligncenter wp-image-11156 size-full\" src=\"https:\/\/www.5zssumperk.cz\/wp-content\/uploads\/2026\/02\/Snimek-obrazovky-2026-02-26-083258.jpg\" alt=\"\" width=\"450\" height=\"679\" srcset=\"https:\/\/www.5zssumperk.cz\/wp-content\/uploads\/2026\/02\/Snimek-obrazovky-2026-02-26-083258.jpg 450w, https:\/\/www.5zssumperk.cz\/wp-content\/uploads\/2026\/02\/Snimek-obrazovky-2026-02-26-083258-768x1158.jpg 768w, https:\/\/www.5zssumperk.cz\/wp-content\/uploads\/2026\/02\/Snimek-obrazovky-2026-02-26-083258-100x150.jpg 100w, https:\/\/www.5zssumperk.cz\/wp-content\/uploads\/2026\/02\/Snimek-obrazovky-2026-02-26-083258-230x347.jpg 230w\" sizes=\"(max-width: 450px) 100vw, 450px\" \/><\/a><\/p><p><a href=\"https:\/\/www.instagram.com\/p\/DUaJsUUDFeK\/\"><img decoding=\"async\" loading=\"lazy\" class=\"alignnone wp-image-11160 size-full\" src=\"https:\/\/www.5zssumperk.cz\/wp-content\/uploads\/2026\/02\/Snimek-obrazovky-2026-02-26-084001.jpg\" alt=\"\" width=\"446\" height=\"753\" srcset=\"https:\/\/www.5zssumperk.cz\/wp-content\/uploads\/2026\/02\/Snimek-obrazovky-2026-02-26-084001.jpg 446w, https:\/\/www.5zssumperk.cz\/wp-content\/uploads\/2026\/02\/Snimek-obrazovky-2026-02-26-084001-768x1296.jpg 768w, https:\/\/www.5zssumperk.cz\/wp-content\/uploads\/2026\/02\/Snimek-obrazovky-2026-02-26-084001-100x168.jpg 100w, https:\/\/www.5zssumperk.cz\/wp-content\/uploads\/2026\/02\/Snimek-obrazovky-2026-02-26-084001-230x388.jpg 230w\" sizes=\"(max-width: 446px) 100vw, 446px\" \/><\/a><\/p><p><a href=\"https:\/\/www.instagram.com\/p\/DUaE_6kDJIF\/\"><img decoding=\"async\" loading=\"lazy\" class=\"alignnone wp-image-11161 size-full\" src=\"https:\/\/www.5zssumperk.cz\/wp-content\/uploads\/2026\/02\/Snimek-obrazovky-2026-02-26-084132.jpg\" alt=\"\" width=\"451\" height=\"750\" srcset=\"https:\/\/www.5zssumperk.cz\/wp-content\/uploads\/2026\/02\/Snimek-obrazovky-2026-02-26-084132.jpg 451w, https:\/\/www.5zssumperk.cz\/wp-content\/uploads\/2026\/02\/Snimek-obrazovky-2026-02-26-084132-768x1277.jpg 768w, https:\/\/www.5zssumperk.cz\/wp-content\/uploads\/2026\/02\/Snimek-obrazovky-2026-02-26-084132-100x166.jpg 100w, https:\/\/www.5zssumperk.cz\/wp-content\/uploads\/2026\/02\/Snimek-obrazovky-2026-02-26-084132-230x382.jpg 230w\" sizes=\"(max-width: 451px) 100vw, 451px\" \/><\/a><\/p><p><a href=\"https:\/\/www.instagram.com\/p\/DTxMOcLjM3p\/\"><img decoding=\"async\" loading=\"lazy\" class=\"alignnone wp-image-11162 size-full\" src=\"https:\/\/www.5zssumperk.cz\/wp-content\/uploads\/2026\/02\/Snimek-obrazovky-2026-02-26-084235.jpg\" alt=\"\" width=\"445\" height=\"735\" srcset=\"https:\/\/www.5zssumperk.cz\/wp-content\/uploads\/2026\/02\/Snimek-obrazovky-2026-02-26-084235.jpg 445w, https:\/\/www.5zssumperk.cz\/wp-content\/uploads\/2026\/02\/Snimek-obrazovky-2026-02-26-084235-768x1268.jpg 768w, https:\/\/www.5zssumperk.cz\/wp-content\/uploads\/2026\/02\/Snimek-obrazovky-2026-02-26-084235-100x165.jpg 100w, https:\/\/www.5zssumperk.cz\/wp-content\/uploads\/2026\/02\/Snimek-obrazovky-2026-02-26-084235-230x379.jpg 230w\" sizes=\"(max-width: 445px) 100vw, 445px\" \/><\/a><\/p><\/div><\/div><\/div><\/div>\t\t<\/div>\n\t\t\t\t<\/div>\n\t\t\t\t<div class=\"elementor-element elementor-element-5eed041 elementor-widget elementor-widget-spacer\" data-id=\"5eed041\" data-element_type=\"widget\" data-widget_type=\"spacer.default\">\n\t\t\t\t<div class=\"elementor-widget-container\">\n\t\t\t<style>\/*! elementor - v3.8.1 - 13-11-2022 *\/\n.elementor-column .elementor-spacer-inner{height:var(--spacer-size)}.e-con{--container-widget-width:100%}.e-con-inner>.elementor-widget-spacer,.e-con>.elementor-widget-spacer{width:var(--container-widget-width,var(--spacer-size));-ms-flex-item-align:stretch;align-self:stretch;-ms-flex-negative:0;flex-shrink:0}.e-con-inner>.elementor-widget-spacer>.elementor-widget-container,.e-con-inner>.elementor-widget-spacer>.elementor-widget-container>.elementor-spacer,.e-con>.elementor-widget-spacer>.elementor-widget-container,.e-con>.elementor-widget-spacer>.elementor-widget-container>.elementor-spacer{height:100%}.e-con-inner>.elementor-widget-spacer>.elementor-widget-container>.elementor-spacer>.elementor-spacer-inner,.e-con>.elementor-widget-spacer>.elementor-widget-container>.elementor-spacer>.elementor-spacer-inner{height:var(--container-widget-height,var(--spacer-size))}<\/style>\t\t<div class=\"elementor-spacer\">\n\t\t\t<div class=\"elementor-spacer-inner\"><\/div>\n\t\t<\/div>\n\t\t\t\t<\/div>\n\t\t\t\t<\/div>\n\t\t\t\t<div class=\"elementor-element elementor-element-d69feda elementor-widget elementor-widget-cws_callout\" data-id=\"d69feda\" data-element_type=\"widget\" data-widget_type=\"cws_callout.default\">\n\t\t\t\t<div class=\"elementor-widget-container\">\n\t\t\t<div class=\"ce clearfix\"><div class=\"cws_callout\"><div class=\"content_section\"><div class=\"callout_title\"><div class=\"bees bees-end\"><span><\/span><\/div>\u0160koln\u00ed hymna 2025<\/div><div class=\"separate\"><\/div><div class=\"callout_text\"><p>\u00a0<\/p><p>VYTVO\u0158 ORIGIN\u00c1LN\u00cd \u0160KOLN\u00cd HYMNU (TEXT A ZVUK) T\u0158EBA POMOC\u00cd AI A ZA\u0160LI NA ADRESU VESELY.MICHAEL@5ZSSUMPERK.CZ \u010cEKAJ\u00cd T\u011a KR\u00c1SN\u011a CENY<\/p><p>(prvn\u00ed cena je hern\u00ed designov\u00e1 my\u0161 jek pro kluky tak pro holky)<\/p><p>kde m\u016f\u0159e\u0161 \u010derpat:<\/p><p>Gener\u00e1tor textu skladby:<br \/>https:\/\/chatgpt.com\/<\/p><p>Gener\u00e1tory hudby:<br \/>https:\/\/suno.com\/home<br \/>https:\/\/www.unite.ai\/cs\/best-ai-music-generators\/<\/p><p><img decoding=\"async\" loading=\"lazy\" class=\"aligncenter wp-image-10806 size-full\" src=\"https:\/\/www.5zssumperk.cz\/wp-content\/uploads\/2025\/09\/skolni-hymna-scaled.jpg\" alt=\"\" width=\"2560\" height=\"2560\" srcset=\"https:\/\/www.5zssumperk.cz\/wp-content\/uploads\/2025\/09\/skolni-hymna-scaled.jpg 2560w, https:\/\/www.5zssumperk.cz\/wp-content\/uploads\/2025\/09\/skolni-hymna-300x300.jpg 300w, https:\/\/www.5zssumperk.cz\/wp-content\/uploads\/2025\/09\/skolni-hymna-1024x1024.jpg 1024w, https:\/\/www.5zssumperk.cz\/wp-content\/uploads\/2025\/09\/skolni-hymna-150x150.jpg 150w, https:\/\/www.5zssumperk.cz\/wp-content\/uploads\/2025\/09\/skolni-hymna-1536x1536.jpg 1536w, https:\/\/www.5zssumperk.cz\/wp-content\/uploads\/2025\/09\/skolni-hymna-2048x2048.jpg 2048w\" sizes=\"(max-width: 2560px) 100vw, 2560px\" \/><\/p><\/div><\/div><\/div><\/div>\t\t<\/div>\n\t\t\t\t<\/div>\n\t\t\t\t\t\t<\/div>\n\t\t\t\t\t<\/div>\n\t\t<\/div>\n\t\t\t\t\t\t\t\t<\/div>\n\t\t\t\t\t<\/div>\n\t\t<\/section>\n\t\t\t\t\t\t\t\t\t<\/div>\n\t\t\t<\/div>\n\t\t\t\t\t<\/div>\n\t\t","protected":false},"excerpt":{"rendered":"","protected":false},"author":1,"featured_media":0,"parent":0,"menu_order":0,"comment_status":"closed","ping_status":"closed","template":"","meta":[],"_links":{"self":[{"href":"https:\/\/www.5zssumperk.cz\/index.php\/wp-json\/wp\/v2\/pages\/10802"}],"collection":[{"href":"https:\/\/www.5zssumperk.cz\/index.php\/wp-json\/wp\/v2\/pages"}],"about":[{"href":"https:\/\/www.5zssumperk.cz\/index.php\/wp-json\/wp\/v2\/types\/page"}],"author":[{"embeddable":true,"href":"https:\/\/www.5zssumperk.cz\/index.php\/wp-json\/wp\/v2\/users\/1"}],"replies":[{"embeddable":true,"href":"https:\/\/www.5zssumperk.cz\/index.php\/wp-json\/wp\/v2\/comments?post=10802"}],"version-history":[{"count":16,"href":"https:\/\/www.5zssumperk.cz\/index.php\/wp-json\/wp\/v2\/pages\/10802\/revisions"}],"predecessor-version":[{"id":11168,"href":"https:\/\/www.5zssumperk.cz\/index.php\/wp-json\/wp\/v2\/pages\/10802\/revisions\/11168"}],"wp:attachment":[{"href":"https:\/\/www.5zssumperk.cz\/index.php\/wp-json\/wp\/v2\/media?parent=10802"}],"curies":[{"name":"wp","href":"https:\/\/api.w.org\/{rel}","templated":true}]}}