{"id":6682,"date":"2021-08-03T09:36:45","date_gmt":"2021-08-03T09:36:45","guid":{"rendered":"http:\/\/www.5zssumperk.cz.uvirt111.active24.cz\/?page_id=6682"},"modified":"2026-03-24T06:27:21","modified_gmt":"2026-03-24T06:27:21","slug":"skolni-druzina","status":"publish","type":"page","link":"https:\/\/www.5zssumperk.cz\/index.php\/skolni-druzina\/","title":{"rendered":"\u0160koln\u00ed dru\u017eina"},"content":{"rendered":"\t\t<div data-elementor-type=\"wp-page\" data-elementor-id=\"6682\" class=\"elementor elementor-6682\">\n\t\t\t\t\t\t<div class=\"elementor-inner\">\n\t\t\t\t<div class=\"elementor-section-wrap\">\n\t\t\t\t\t\t\t\t\t<section class=\"elementor-section elementor-top-section elementor-element elementor-element-5f9cc3a elementor-section-boxed elementor-section-height-default elementor-section-height-default\" data-id=\"5f9cc3a\" data-element_type=\"section\">\n\t\t\t\t\t\t<div class=\"elementor-container elementor-column-gap-default\">\n\t\t\t\t\t\t\t<div class=\"elementor-row\">\n\t\t\t\t\t<div class=\"elementor-column elementor-col-100 elementor-top-column elementor-element elementor-element-33e7211\" data-id=\"33e7211\" data-element_type=\"column\">\n\t\t\t<div class=\"elementor-column-wrap elementor-element-populated\">\n\t\t\t\t\t\t\t<div class=\"elementor-widget-wrap\">\n\t\t\t\t\t\t<div class=\"elementor-element elementor-element-54a8fe7 elementor-invisible elementor-widget elementor-widget-cws_heading\" data-id=\"54a8fe7\" data-element_type=\"widget\" data-settings=\"{&quot;_animation&quot;:&quot;fadeInUp&quot;}\" data-widget_type=\"cws_heading.default\">\n\t\t\t\t<div class=\"elementor-widget-container\">\n\t\t\t<h3 class=\"ce_title heading\"><div>Z\u00e1kladn\u00ed informace - \u0161koln\u00ed dru\u017eina<\/div><\/h3>\t\t<\/div>\n\t\t\t\t<\/div>\n\t\t\t\t\t\t<\/div>\n\t\t\t\t\t<\/div>\n\t\t<\/div>\n\t\t\t\t\t\t\t\t<\/div>\n\t\t\t\t\t<\/div>\n\t\t<\/section>\n\t\t\t\t<section class=\"elementor-section elementor-top-section elementor-element elementor-element-b82f6db elementor-section-boxed elementor-section-height-default elementor-section-height-default\" data-id=\"b82f6db\" data-element_type=\"section\">\n\t\t\t\t\t\t<div class=\"elementor-container elementor-column-gap-default\">\n\t\t\t\t\t\t\t<div class=\"elementor-row\">\n\t\t\t\t\t<div class=\"elementor-column elementor-col-100 elementor-top-column elementor-element elementor-element-7ce34b2\" data-id=\"7ce34b2\" data-element_type=\"column\">\n\t\t\t<div class=\"elementor-column-wrap elementor-element-populated\">\n\t\t\t\t\t\t\t<div class=\"elementor-widget-wrap\">\n\t\t\t\t\t\t<div class=\"elementor-element elementor-element-15dfbba elementor-invisible elementor-widget elementor-widget-cws_message_box\" data-id=\"15dfbba\" data-element_type=\"widget\" data-settings=\"{&quot;_animation&quot;:&quot;fadeInUp&quot;}\" data-widget_type=\"cws_message_box.default\">\n\t\t\t\t<div class=\"elementor-widget-container\">\n\t\t\t<div class=\"cws_msg_box info-box clearfix\"><div class=\"icon_section\"><i class=\"fa fa-info\"><\/i><\/div><div class=\"content_section\"><div class=\"msg_box_title\">\u010dasy vyzved\u00e1v\u00e1n\u00ed d\u011bt\u00ed<\/div><div class=\"msg_box_text\">\u0161koln\u00ed dru\u017eina je otev\u0159ena od : 6:00 hod. - 16:30 hod.<\/div><\/div><\/div>\t\t<\/div>\n\t\t\t\t<\/div>\n\t\t\t\t<div class=\"elementor-element elementor-element-16c4815 elementor-invisible elementor-widget elementor-widget-cws_message_box\" data-id=\"16c4815\" data-element_type=\"widget\" data-settings=\"{&quot;_animation&quot;:&quot;fadeInUp&quot;}\" data-widget_type=\"cws_message_box.default\">\n\t\t\t\t<div class=\"elementor-widget-container\">\n\t\t\t<div class=\"cws_msg_box success-box clearfix\"><div class=\"icon_section\"><i class=\"fa fa-thumbs-up\"><\/i><\/div><div class=\"content_section\"><div class=\"msg_box_title\">Telefon<\/div><div class=\"msg_box_text\">+420 727 806 958<\/div><\/div><\/div>\t\t<\/div>\n\t\t\t\t<\/div>\n\t\t\t\t<div class=\"elementor-element elementor-element-8435a45 elementor-widget elementor-widget-cws_callout\" data-id=\"8435a45\" data-element_type=\"widget\" data-widget_type=\"cws_callout.default\">\n\t\t\t\t<div class=\"elementor-widget-container\">\n\t\t\t<div class=\"ce clearfix\"><div class=\"cws_callout\"><div class=\"content_section\"><div class=\"callout_title\"><div class=\"bees bees-end\"><span><\/span><\/div>Platby dru\u017eina<\/div><div class=\"separate\"><\/div><div class=\"callout_text\"><div style=\"text-align: left;\"><strong><u>Platba dru\u017einy: 300,- m\u011bs\u00ed\u010dn\u011b<\/u><\/strong><\/div><div>\u00a0<\/div><div style=\"text-align: left;\">1. platba za z\u00e1\u0159\u00ed a\u017e prosinec - 1.200,- do 30. 9.\u00a0<\/div><div style=\"text-align: left;\">2. platba za leden a\u017e b\u0159ezen -\u00a0 \u00a0 900,- do 31. 1.<\/div><div style=\"text-align: left;\">3. platba za duben a\u017e \u010derven -\u00a0 \u00a0900,- do 30. 4.<\/div><div>\u00a0<\/div><div style=\"text-align: left;\"><span style=\"text-decoration: underline;\">Ro\u010dn\u00ed platba - 3. 000,- do 30. 9.<\/span><\/div><div style=\"text-align: left;\"><span style=\"text-decoration: underline;\">Bankovn\u00ed \u00fa\u010det pro platbu dru\u017einy: 1905974349\/0800<\/span><\/div><div style=\"text-align: left;\">\u00a0<\/div><\/div><\/div><div class=\"button_section\"><a href=\"\" class=\"cws_button xlarge\" target=\"_blank\">P\u0159i platb\u011b uv\u00e1d\u011bjte variabiln\u00ed symbol \u017e\u00e1ka.<div class=\"button-shadow\"><\/div><\/a><\/div><\/div><\/div>\t\t<\/div>\n\t\t\t\t<\/div>\n\t\t\t\t\t\t<\/div>\n\t\t\t\t\t<\/div>\n\t\t<\/div>\n\t\t\t\t\t\t\t\t<\/div>\n\t\t\t\t\t<\/div>\n\t\t<\/section>\n\t\t\t\t<section class=\"elementor-section elementor-top-section elementor-element elementor-element-3701205 elementor-section-boxed elementor-section-height-default elementor-section-height-default elementor-invisible\" data-id=\"3701205\" data-element_type=\"section\" data-settings=\"{&quot;animation&quot;:&quot;fadeInUp&quot;}\">\n\t\t\t\t\t\t<div class=\"elementor-container elementor-column-gap-default\">\n\t\t\t\t\t\t\t<div class=\"elementor-row\">\n\t\t\t\t\t<div class=\"elementor-column elementor-col-100 elementor-top-column elementor-element elementor-element-0f67324\" data-id=\"0f67324\" data-element_type=\"column\">\n\t\t\t<div class=\"elementor-column-wrap elementor-element-populated\">\n\t\t\t\t\t\t\t<div class=\"elementor-widget-wrap\">\n\t\t\t\t\t\t<div class=\"elementor-element elementor-element-36f931d elementor-invisible elementor-widget elementor-widget-cws_heading\" data-id=\"36f931d\" data-element_type=\"widget\" data-settings=\"{&quot;_animation&quot;:&quot;fadeInUp&quot;}\" data-widget_type=\"cws_heading.default\">\n\t\t\t\t<div class=\"elementor-widget-container\">\n\t\t\t<h2 class=\"ce_title heading\"><div>N\u00e1\u0161 t\u00fdm<\/div><\/h2>\t\t<\/div>\n\t\t\t\t<\/div>\n\t\t\t\t<div class=\"elementor-element elementor-element-4582aef elementor-widget elementor-widget-cws_accordion_toggle\" data-id=\"4582aef\" data-element_type=\"widget\" data-widget_type=\"cws_accordion_toggle.default\">\n\t\t\t\t<div class=\"elementor-widget-container\">\n\t\t\t\n        <div class=\"ce clearfix\">\n            <div class=\"cws_ce_content ce_toggle alt\">\n                <div class=\"accordion_section active\"><div class=\"accordion_title\"><i class=\"accordion_icon\"><\/i><span>Ad\u00e1mkov\u00e1 \u0160\u00e1rka<\/span><\/div><div class=\"accordion_content\"><p>adamkova.sarka@5zssumperk.cz<\/p><\/div><\/div><div class=\"accordion_section\"><div class=\"accordion_title\"><i class=\"accordion_icon\"><\/i><span>Jan\u016f V\u011bra<\/span><\/div><div class=\"accordion_content\" style=\"display: none;\"><p>janu.vera@5zssumperk.cz<\/p><\/div><\/div><div class=\"accordion_section\"><div class=\"accordion_title\"><i class=\"accordion_icon\"><\/i><span>Jel\u00ednkov\u00e1 Renata<\/span><\/div><div class=\"accordion_content\" style=\"display: none;\"><p>jelinkova.renata@5zssumperk.cz<\/p><\/div><\/div><div class=\"accordion_section\"><div class=\"accordion_title\"><i class=\"accordion_icon\"><\/i><span>Smolkov\u00e1 Iveta<\/span><\/div><div class=\"accordion_content\" style=\"display: none;\"><p>smolkova.iveta@5zssumperk.cz<\/p><\/div><\/div><div class=\"accordion_section\"><div class=\"accordion_title\"><i class=\"accordion_icon\"><\/i><span>Zavadilov\u00e1 Marta<\/span><\/div><div class=\"accordion_content\" style=\"display: none;\"><p>zavadilova.marta@5zssumperk.cz<\/p><\/div><\/div>            <\/div>\n        <\/div>\n        \t\t<\/div>\n\t\t\t\t<\/div>\n\t\t\t\t\t\t<\/div>\n\t\t\t\t\t<\/div>\n\t\t<\/div>\n\t\t\t\t\t\t\t\t<\/div>\n\t\t\t\t\t<\/div>\n\t\t<\/section>\n\t\t\t\t<section class=\"elementor-section elementor-top-section elementor-element elementor-element-b70e098 elementor-section-boxed elementor-section-height-default elementor-section-height-default\" data-id=\"b70e098\" data-element_type=\"section\">\n\t\t\t\t\t\t<div class=\"elementor-container elementor-column-gap-default\">\n\t\t\t\t\t\t\t<div class=\"elementor-row\">\n\t\t\t\t\t<div class=\"elementor-column elementor-col-100 elementor-top-column elementor-element elementor-element-ad41cf8\" data-id=\"ad41cf8\" data-element_type=\"column\">\n\t\t\t<div class=\"elementor-column-wrap elementor-element-populated\">\n\t\t\t\t\t\t\t<div class=\"elementor-widget-wrap\">\n\t\t\t\t\t\t<div class=\"elementor-element elementor-element-bee4e74 elementor-invisible elementor-widget elementor-widget-cws_carousel\" data-id=\"bee4e74\" data-element_type=\"widget\" data-settings=\"{&quot;_animation&quot;:&quot;fadeInUp&quot;}\" data-widget_type=\"cws_carousel.default\">\n\t\t\t\t<div class=\"elementor-widget-container\">\n\t\t\t<div class=\"ce clearfix\"><div><div class=\"cws_sc_carousel\"  data-columns=1 data-slidespeed=1200><div class=\"cws_sc_carousel_header clearfix\"><div class=\"ce_title\">\u0160koln\u00ed dru\u017eina<\/div><div class=\"carousel_nav_panel\"><span class=\"prev\"><\/span><span class=\"next\"><\/span><\/div><\/div><div class=\"cws_wrapper\"><div class=\"gallery gallery-columns-1 galleryid-none\"><div class=\"gallery-item\"><div class=\"gallery-icon\"><a href=\"https:\/\/www.5zssumperk.cz\/wp-content\/uploads\/2021\/08\/back39.jpg\" data-elementor-open-lightbox=\"no\"><img decoding=\"async\" src=\"https:\/\/www.5zssumperk.cz\/wp-content\/uploads\/2021\/08\/back39.jpg\" alt=\"back39\" srcset=\"https:\/\/www.5zssumperk.cz\/wp-content\/uploads\/2021\/08\/back39.jpg 1000w, https:\/\/www.5zssumperk.cz\/wp-content\/uploads\/2021\/08\/back39-768x529.jpg 768w, https:\/\/www.5zssumperk.cz\/wp-content\/uploads\/2021\/08\/back39-100x69.jpg 100w, https:\/\/www.5zssumperk.cz\/wp-content\/uploads\/2021\/08\/back39-230x158.jpg 230w, https:\/\/www.5zssumperk.cz\/wp-content\/uploads\/2021\/08\/back39-600x414.jpg 600w\" sizes=\"(max-width: 1000px) 100vw, 1000px\" loading=\"lazy\" \/><\/a><\/div><\/div><div class=\"gallery-item\"><div class=\"gallery-icon\"><a href=\"https:\/\/www.5zssumperk.cz\/wp-content\/uploads\/2021\/08\/DSCN5415.jpg\" data-elementor-open-lightbox=\"no\"><img decoding=\"async\" src=\"https:\/\/www.5zssumperk.cz\/wp-content\/uploads\/2021\/08\/DSCN5415.jpg\" alt=\"DSCN5415\" srcset=\"https:\/\/www.5zssumperk.cz\/wp-content\/uploads\/2021\/08\/DSCN5415.jpg 1000w, https:\/\/www.5zssumperk.cz\/wp-content\/uploads\/2021\/08\/DSCN5415-768x576.jpg 768w, https:\/\/www.5zssumperk.cz\/wp-content\/uploads\/2021\/08\/DSCN5415-100x75.jpg 100w, https:\/\/www.5zssumperk.cz\/wp-content\/uploads\/2021\/08\/DSCN5415-230x172.jpg 230w, https:\/\/www.5zssumperk.cz\/wp-content\/uploads\/2021\/08\/DSCN5415-600x450.jpg 600w\" sizes=\"(max-width: 1000px) 100vw, 1000px\" loading=\"lazy\" \/><\/a><\/div><\/div><div class=\"gallery-item\"><div class=\"gallery-icon\"><a href=\"https:\/\/www.5zssumperk.cz\/wp-content\/uploads\/2021\/08\/DSCN5424.jpg\" data-elementor-open-lightbox=\"no\"><img decoding=\"async\" src=\"https:\/\/www.5zssumperk.cz\/wp-content\/uploads\/2021\/08\/DSCN5424.jpg\" alt=\"DSCN5424\" srcset=\"https:\/\/www.5zssumperk.cz\/wp-content\/uploads\/2021\/08\/DSCN5424.jpg 1000w, https:\/\/www.5zssumperk.cz\/wp-content\/uploads\/2021\/08\/DSCN5424-768x576.jpg 768w, https:\/\/www.5zssumperk.cz\/wp-content\/uploads\/2021\/08\/DSCN5424-100x75.jpg 100w, https:\/\/www.5zssumperk.cz\/wp-content\/uploads\/2021\/08\/DSCN5424-230x172.jpg 230w, https:\/\/www.5zssumperk.cz\/wp-content\/uploads\/2021\/08\/DSCN5424-600x450.jpg 600w\" sizes=\"(max-width: 1000px) 100vw, 1000px\" loading=\"lazy\" \/><\/a><\/div><\/div><div class=\"gallery-item\"><div class=\"gallery-icon\"><a href=\"https:\/\/www.5zssumperk.cz\/wp-content\/uploads\/2021\/08\/DSCN5437.jpg\" data-elementor-open-lightbox=\"no\"><img decoding=\"async\" src=\"https:\/\/www.5zssumperk.cz\/wp-content\/uploads\/2021\/08\/DSCN5437.jpg\" alt=\"DSCN5437\" srcset=\"https:\/\/www.5zssumperk.cz\/wp-content\/uploads\/2021\/08\/DSCN5437.jpg 1000w, https:\/\/www.5zssumperk.cz\/wp-content\/uploads\/2021\/08\/DSCN5437-768x576.jpg 768w, https:\/\/www.5zssumperk.cz\/wp-content\/uploads\/2021\/08\/DSCN5437-100x75.jpg 100w, https:\/\/www.5zssumperk.cz\/wp-content\/uploads\/2021\/08\/DSCN5437-230x172.jpg 230w, https:\/\/www.5zssumperk.cz\/wp-content\/uploads\/2021\/08\/DSCN5437-600x450.jpg 600w\" sizes=\"(max-width: 1000px) 100vw, 1000px\" loading=\"lazy\" \/><\/a><\/div><\/div><div class=\"gallery-item\"><div class=\"gallery-icon\"><a href=\"https:\/\/www.5zssumperk.cz\/wp-content\/uploads\/2021\/08\/DSCN5444.jpg\" data-elementor-open-lightbox=\"no\"><img decoding=\"async\" src=\"https:\/\/www.5zssumperk.cz\/wp-content\/uploads\/2021\/08\/DSCN5444.jpg\" alt=\"DSCN5444\" srcset=\"https:\/\/www.5zssumperk.cz\/wp-content\/uploads\/2021\/08\/DSCN5444.jpg 1000w, https:\/\/www.5zssumperk.cz\/wp-content\/uploads\/2021\/08\/DSCN5444-768x576.jpg 768w, https:\/\/www.5zssumperk.cz\/wp-content\/uploads\/2021\/08\/DSCN5444-100x75.jpg 100w, https:\/\/www.5zssumperk.cz\/wp-content\/uploads\/2021\/08\/DSCN5444-230x172.jpg 230w, https:\/\/www.5zssumperk.cz\/wp-content\/uploads\/2021\/08\/DSCN5444-600x450.jpg 600w\" sizes=\"(max-width: 1000px) 100vw, 1000px\" loading=\"lazy\" \/><\/a><\/div><\/div><\/div><\/div><\/div><\/div><\/div>\t\t<\/div>\n\t\t\t\t<\/div>\n\t\t\t\t\t\t<\/div>\n\t\t\t\t\t<\/div>\n\t\t<\/div>\n\t\t\t\t\t\t\t\t<\/div>\n\t\t\t\t\t<\/div>\n\t\t<\/section>\n\t\t\t\t\t\t\t\t\t<\/div>\n\t\t\t<\/div>\n\t\t\t\t\t<\/div>\n\t\t","protected":false},"excerpt":{"rendered":"","protected":false},"author":1,"featured_media":0,"parent":0,"menu_order":0,"comment_status":"closed","ping_status":"closed","template":"","meta":[],"_links":{"self":[{"href":"https:\/\/www.5zssumperk.cz\/index.php\/wp-json\/wp\/v2\/pages\/6682"}],"collection":[{"href":"https:\/\/www.5zssumperk.cz\/index.php\/wp-json\/wp\/v2\/pages"}],"about":[{"href":"https:\/\/www.5zssumperk.cz\/index.php\/wp-json\/wp\/v2\/types\/page"}],"author":[{"embeddable":true,"href":"https:\/\/www.5zssumperk.cz\/index.php\/wp-json\/wp\/v2\/users\/1"}],"replies":[{"embeddable":true,"href":"https:\/\/www.5zssumperk.cz\/index.php\/wp-json\/wp\/v2\/comments?post=6682"}],"version-history":[{"count":28,"href":"https:\/\/www.5zssumperk.cz\/index.php\/wp-json\/wp\/v2\/pages\/6682\/revisions"}],"predecessor-version":[{"id":11200,"href":"https:\/\/www.5zssumperk.cz\/index.php\/wp-json\/wp\/v2\/pages\/6682\/revisions\/11200"}],"wp:attachment":[{"href":"https:\/\/www.5zssumperk.cz\/index.php\/wp-json\/wp\/v2\/media?parent=6682"}],"curies":[{"name":"wp","href":"https:\/\/api.w.org\/{rel}","templated":true}]}}